{"id":69,"date":"2015-10-07T17:11:55","date_gmt":"2015-10-07T17:11:55","guid":{"rendered":"http:\/\/broker.commercegurus.com\/?page_id=69"},"modified":"2023-07-14T08:09:39","modified_gmt":"2023-07-14T13:09:39","slug":"acerca-de-nosotros","status":"publish","type":"page","link":"https:\/\/sissa.com.co\/site\/acerca-de-nosotros\/","title":{"rendered":"Acerca de nosotros"},"content":{"rendered":"<p>[vc_row type=\u00bbcontainer\u00bb padding_top=\u00bb\u00bb padding_bottom=\u00bb\u00bb css=\u00bb.vc_custom_1451761032806{padding-top: 50px !important;}\u00bb][vc_column width=\u00bb1\/2&#8243; css=\u00bb.vc_custom_1449147431196{margin-bottom: 35px !important;}\u00bb][vc_column_text css=\u00bb.vc_custom_1502557841829{padding-right: 10px !important;}\u00bb]<\/p>\n<h3 style=\"margin-top: 0px;\"><strong>SUMINISTROS INGENIER\u00cdA\u00a0Y SOLUCIONES SIS S.A.<\/strong><\/h3>\n<p><strong>Suministros, Ingenier\u00eda y Soluciones<\/strong>, es un empresa colombiana de ingenier\u00eda, dedicada al suministro, consultor\u00eda t\u00e9cnica en instalaci\u00f3n de aislamientos t\u00e9rmicos, ac\u00fasticos refractarios e impermeabilizaci\u00f3n; al dise\u00f1o, fabricaci\u00f3n, montaje y reparaci\u00f3n de sistemas de combusti\u00f3n, hornos industriales y crematorios, est\u00e1 comprometida con la calidad y servicio al cliente, la salud y seguridad de los trabajadores y la protecci\u00f3n del medio ambiente.<\/p>\n<p>Nuestros objetivos est\u00e1n direccionados a la satisfacci\u00f3n del cliente, trabajamos para la mejora continua de nuestros procesos, productos y servicios considerando siempre la eficacia, produciendo rentabilidad y permanencia en el mercado. Operamos dentro del cumplimiento de la ley, generando ambientes de trabajos sanos y seguros, gestionamos la prevenci\u00f3n de enfermedades y accidentes laborales a trav\u00e9s de la identificaci\u00f3n, anticipaci\u00f3n, reconocimiento, evaluaci\u00f3n, valoraci\u00f3n y control de los riesgos implementando un sistema de gesti\u00f3n de la salud y seguridad en el trabajo.<\/p>\n<p>Nuestros esfuerzos est\u00e1n enfocados al cumplimiento de la pol\u00edtica involucrando a las partes interesadas por medio de acciones que generen bienestar y calidad de vida laboral a trav\u00e9s del mantenimiento y asignaci\u00f3n de los recursos requeridos.[\/vc_column_text][\/vc_column][vc_column width=\u00bb1\/2&#8243; css=\u00bb.vc_custom_1451760818909{padding-top: 14px !important;}\u00bb][vc_single_image image=\u00bb71197&#8243; img_size=\u00bbfull\u00bb][vc_row_inner css=\u00bb.vc_custom_1449574756848{margin-bottom: 0px !important;}\u00bb][vc_column_inner width=\u00bb1\/2&#8243;][vc_single_image image=\u00bb71198&#8243; img_size=\u00bbfull\u00bb][\/vc_column_inner][vc_column_inner width=\u00bb1\/2&#8243; css=\u00bb.vc_custom_1449574764907{margin-bottom: 35px !important;}\u00bb][vc_single_image image=\u00bb71199&#8243; img_size=\u00bbfull\u00bb][\/vc_column_inner][\/vc_row_inner][\/vc_column][\/vc_row][vc_row type=\u00bbfull_page_width_inner_container\u00bb padding_top=\u00bb\u00bb padding_bottom=\u00bb\u00bb css=\u00bb.vc_custom_1501027334131{margin-bottom: 0px !important;padding-top: 20px !important;padding-bottom: 20px !important;background-color: #ff5541 !important;}\u00bb][vc_column width=\u00bb1\/6&#8243;][\/vc_column][vc_column width=\u00bb2\/3&#8243;][vc_column_text]<\/p>\n<h3 style=\"text-align: center; line-height: 37px;\"><span style=\"color: #ffffff;\"><span class=\"quote\">\u201c<\/span>Nos caracterizamos por la confiabilidad en la asesor\u00eda, consultor\u00eda, calidad en nuestros servicios y el acompa\u00f1amiento permanente en el desarrollo de nuevos sistemas y modernizaci\u00f3n de los existentes; <strong>somos la mejor alternativa t\u00e9cnica del mercado<\/strong>, con eficiencia, calidad y respaldo de nuestros proveedores.<span class=\"quote\">\u201d<\/span><\/span><\/h3>\n<p>[\/vc_column_text][\/vc_column][vc_column width=\u00bb1\/6&#8243;][\/vc_column][\/vc_row][vc_row type=\u00bbfull_page_width_inner_container\u00bb padding_top=\u00bb\u00bb padding_bottom=\u00bb\u00bb css=\u00bb.vc_custom_1516208177564{padding-top: 40px !important;padding-bottom: 20px !important;background-image: url(http:\/\/sissa.com.co\/site\/wp-content\/uploads\/2018\/01\/building_roof_bg.jpg?id=71220) !important;background-position: center !important;background-repeat: no-repeat !important;background-size: cover !important;}\u00bb][vc_column css=\u00bb.vc_custom_1445098522820{margin-bottom: 35px !important;}\u00bb][vc_row_inner css=\u00bb.vc_custom_1451761217059{margin-bottom: -5px !important;}\u00bb][vc_column_inner css=\u00bb.vc_custom_1451761129434{margin-bottom: 0px !important;}\u00bb][vc_column_text]<\/p>\n<h3 style=\"text-align: center;\"><span style=\"color: #ffffff;\">Nuestro Equipo<\/span><\/h3>\n<p>[\/vc_column_text][\/vc_column_inner][\/vc_row_inner][vc_row_inner][vc_column_inner width=\u00bb1\/4&#8243; css=\u00bb.vc_custom_1451775570510{margin-bottom: 0px !important;}\u00bb][vc_column_text css=\u00bb.vc_custom_1689339642164{margin-bottom: 20px !important;}\u00bb]<\/p>\n<h4><span style=\"color: #ffffff;\">Sergio Segura<\/span><\/h4>\n<h6 style=\"margin-top: -10px; margin-bottom: 12px;\"><span style=\"color: #ffffff;\">Gerente General<\/span><\/h6>\n<h6><span style=\"color: #cccccc;\">Tel\u00e9fono: 310 8411089<\/span><\/h6>\n<h6><span style=\"color: #cccccc;\">sergio.segura@sissa.com.co<\/span><\/h6>\n<p>[\/vc_column_text][\/vc_column_inner][vc_column_inner width=\u00bb1\/4&#8243; css=\u00bb.vc_custom_1451775579815{margin-bottom: 0px !important;}\u00bb][vc_column_text css=\u00bb.vc_custom_1689339742694{margin-bottom: 20px !important;}\u00bb]<\/p>\n<h4><span style=\"color: #ffffff;\">Laura Segura Lasprilla<\/span><\/h4>\n<h6 style=\"margin-top: -10px; margin-bottom: 12px;\"><span style=\"color: #ffffff;\">Directora Administrativa<\/span><\/h6>\n<h6><span style=\"color: #cccccc;\">Tel\u00e9fono: 310 8920251<\/span><\/h6>\n<h6><span style=\"color: #cccccc;\"> laura.segura@sissa.com.co<\/span><\/h6>\n<p>[\/vc_column_text][\/vc_column_inner][vc_column_inner width=\u00bb1\/4&#8243; css=\u00bb.vc_custom_1451775587297{margin-bottom: 0px !important;}\u00bb][vc_column_text css=\u00bb.vc_custom_1689339790943{margin-bottom: 20px !important;}\u00bb]<\/p>\n<h4><span style=\"color: #ffffff;\">Juan Carlos Hurtado <\/span><\/h4>\n<h6 style=\"margin-top: -10px; margin-bottom: 12px;\"><span style=\"color: #ffffff;\">Director T\u00e9cnico<\/span><\/h6>\n<h6><span style=\"color: #cccccc;\">Tel\u00e9fono: 320 7708206<\/span><\/h6>\n<h6><span style=\"color: #cccccc;\">juanc.hurtado@sissa.com.co<\/span><\/h6>\n<p>[\/vc_column_text][\/vc_column_inner][vc_column_inner width=\u00bb1\/4&#8243; css=\u00bb.vc_custom_1451775595000{margin-bottom: 0px !important;}\u00bb][vc_column_text css=\u00bb.vc_custom_1689339887019{margin-bottom: 20px !important;}\u00bb]<\/p>\n<h4><span style=\"color: #ffffff;\">Laura Carolina Batista<\/span><\/h4>\n<h6 style=\"margin-top: -10px; margin-bottom: 12px;\"><span style=\"color: #ffffff;\">Directora Comercial Costa Caribe<\/span><\/h6>\n<h6><span style=\"color: #cccccc;\">Tel\u00e9fono: 320 6099335<\/span><\/h6>\n<h6><span style=\"color: #cccccc;\"> Laura.batista@sissa.com.co<\/span><\/h6>\n<p>[\/vc_column_text][\/vc_column_inner][\/vc_row_inner][vc_row_inner][vc_column_inner width=\u00bb1\/4&#8243; css=\u00bb.vc_custom_1451775824854{margin-bottom: 0px !important;}\u00bb][vc_column_text css=\u00bb.vc_custom_1689340021681{margin-bottom: 20px !important;}\u00bb]<\/p>\n<h4><span style=\"color: #ffffff;\">Danny S\u00e1nchez<\/span><\/h4>\n<h6 style=\"margin-top: -10px; margin-bottom: 12px;\"><span style=\"color: #ffffff;\">Ingeniero Comercial<\/span><\/h6>\n<h6><span style=\"color: #cccccc;\">Tel\u00e9fono: 321 7460059<\/span><\/h6>\n<h6><span style=\"color: #cccccc;\">danny.sanchez@sissa.com.co<\/span><\/h6>\n<p>[\/vc_column_text][\/vc_column_inner][vc_column_inner width=\u00bb1\/4&#8243; css=\u00bb.vc_custom_1451775840259{margin-bottom: 0px !important;}\u00bb][vc_column_text css=\u00bb.vc_custom_1689340072046{margin-bottom: 20px !important;}\u00bb]<\/p>\n<h4><span style=\"color: #ffffff;\">Mario \u00c1lvarez<\/span><\/h4>\n<h6 style=\"margin-top: -10px; margin-bottom: 12px;\"><span style=\"color: #ffffff;\">Ingeniero Comercial<\/span><\/h6>\n<h6><span style=\"color: #cccccc;\">Tel\u00e9fono: 311 3431423<\/span><\/h6>\n<h6><span style=\"color: #cccccc;\">mario.alvarez@sissa.com.co<\/span><\/h6>\n<p>[\/vc_column_text][\/vc_column_inner][vc_column_inner width=\u00bb1\/4&#8243; css=\u00bb.vc_custom_1451775846919{margin-bottom: 0px !important;}\u00bb][vc_column_text css=\u00bb.vc_custom_1689340123223{margin-bottom: 20px !important;}\u00bb]<\/p>\n<h4><span style=\"color: #ffffff;\">Yeny V\u00e9lez Parra<\/span><\/h4>\n<h6 style=\"margin-top: -10px; margin-bottom: 12px;\"><span style=\"color: #ffffff;\">Venta Directa<\/span><\/h6>\n<h6><span style=\"color: #cccccc;\">Tel\u00e9fono: 314 7891636<\/span><\/h6>\n<h6><span style=\"color: #cccccc;\">yenytatiana.velez@sissa.com.co<\/span><\/h6>\n<p>[\/vc_column_text][\/vc_column_inner][vc_column_inner width=\u00bb1\/4&#8243; css=\u00bb.vc_custom_1451775864183{margin-bottom: 0px !important;}\u00bb][vc_column_text css=\u00bb.vc_custom_1689340175748{margin-bottom: 20px !important;}\u00bb]<\/p>\n<h4><span style=\"color: #ffffff;\">Tatiana Gonz\u00e1lez<\/span><\/h4>\n<h6 style=\"margin-top: -10px; margin-bottom: 12px;\"><span style=\"color: #ffffff;\">Venta Directa<\/span><\/h6>\n<h6><span style=\"color: #cccccc;\">Tel\u00e9fono: 314 7891636<\/span><\/h6>\n<h6><span style=\"color: #cccccc;\">tatiana.gonzalez@sissa.com.co<\/span><\/h6>\n<p>[\/vc_column_text][\/vc_column_inner][\/vc_row_inner][\/vc_column][\/vc_row]<\/p>\n","protected":false},"excerpt":{"rendered":"<p>[vc_row type=\u00bbcontainer\u00bb padding_top=\u00bb\u00bb padding_bottom=\u00bb\u00bb css=\u00bb.vc_custom_1451761032806{padding-top: 50px !important;}\u00bb][vc_column width=\u00bb1\/2&#8243; css=\u00bb.vc_custom_1449147431196{margin-bottom: 35px !important;}\u00bb][vc_column_text css=\u00bb.vc_custom_1502557841829{padding-right: 10px !important;}\u00bb] SUMINISTROS INGENIER\u00cdA\u00a0Y SOLUCIONES SIS S.A. Suministros, Ingenier\u00eda y Soluciones, es un empresa colombiana de ingenier\u00eda, dedicada al suministro, consultor\u00eda t\u00e9cnica en instalaci\u00f3n de aislamientos t\u00e9rmicos, ac\u00fasticos refractarios e impermeabilizaci\u00f3n; al dise\u00f1o, fabricaci\u00f3n, montaje y reparaci\u00f3n de sistemas de combusti\u00f3n, hornos industriales [&hellip;]<\/p>\n","protected":false},"author":1,"featured_media":70780,"parent":0,"menu_order":0,"comment_status":"closed","ping_status":"closed","template":"page-full-width.php","meta":{"_monsterinsights_skip_tracking":false,"_monsterinsights_sitenote_active":false,"_monsterinsights_sitenote_note":"","_monsterinsights_sitenote_category":0},"acf":[],"yoast_head":"<!-- This site is optimized with the Yoast SEO plugin v20.6 - https:\/\/yoast.com\/wordpress\/plugins\/seo\/ -->\n<title>Acerca de nosotros - SIS SA Suministros Ingenieria y Soluciones<\/title>\n<meta name=\"robots\" content=\"noindex, follow, max-snippet:-1, max-image-preview:large, max-video-preview:-1\" \/>\n<meta property=\"og:locale\" content=\"es_ES\" \/>\n<meta property=\"og:type\" content=\"article\" \/>\n<meta property=\"og:title\" content=\"Acerca de nosotros - SIS SA Suministros Ingenieria y Soluciones\" \/>\n<meta property=\"og:description\" content=\"[vc_row type=\u00bbcontainer\u00bb padding_top=\u00bb\u00bb padding_bottom=\u00bb\u00bb css=\u00bb.vc_custom_1451761032806{padding-top: 50px !important;}\u00bb][vc_column width=\u00bb1\/2&#8243; css=\u00bb.vc_custom_1449147431196{margin-bottom: 35px !important;}\u00bb][vc_column_text css=\u00bb.vc_custom_1502557841829{padding-right: 10px !important;}\u00bb] SUMINISTROS INGENIER\u00cdA\u00a0Y SOLUCIONES SIS S.A. Suministros, Ingenier\u00eda y Soluciones, es un empresa colombiana de ingenier\u00eda, dedicada al suministro, consultor\u00eda t\u00e9cnica en instalaci\u00f3n de aislamientos t\u00e9rmicos, ac\u00fasticos refractarios e impermeabilizaci\u00f3n; al dise\u00f1o, fabricaci\u00f3n, montaje y reparaci\u00f3n de sistemas de combusti\u00f3n, hornos industriales [&hellip;]\" \/>\n<meta property=\"og:url\" content=\"https:\/\/sissa.com.co\/site\/acerca-de-nosotros\/\" \/>\n<meta property=\"og:site_name\" content=\"SIS SA Suministros Ingenieria y Soluciones\" \/>\n<meta property=\"article:modified_time\" content=\"2023-07-14T13:09:39+00:00\" \/>\n<meta name=\"twitter:card\" content=\"summary_large_image\" \/>\n<meta name=\"twitter:label1\" content=\"Tiempo de lectura\" \/>\n\t<meta name=\"twitter:data1\" content=\"2 minutos\" \/>\n<script type=\"application\/ld+json\" class=\"yoast-schema-graph\">{\"@context\":\"https:\/\/schema.org\",\"@graph\":[{\"@type\":\"WebPage\",\"@id\":\"https:\/\/sissa.com.co\/site\/acerca-de-nosotros\/\",\"url\":\"https:\/\/sissa.com.co\/site\/acerca-de-nosotros\/\",\"name\":\"Acerca de nosotros - SIS SA Suministros Ingenieria y Soluciones\",\"isPartOf\":{\"@id\":\"https:\/\/sissa.com.co\/site\/#website\"},\"datePublished\":\"2015-10-07T17:11:55+00:00\",\"dateModified\":\"2023-07-14T13:09:39+00:00\",\"breadcrumb\":{\"@id\":\"https:\/\/sissa.com.co\/site\/acerca-de-nosotros\/#breadcrumb\"},\"inLanguage\":\"es\",\"potentialAction\":[{\"@type\":\"ReadAction\",\"target\":[\"https:\/\/sissa.com.co\/site\/acerca-de-nosotros\/\"]}]},{\"@type\":\"BreadcrumbList\",\"@id\":\"https:\/\/sissa.com.co\/site\/acerca-de-nosotros\/#breadcrumb\",\"itemListElement\":[{\"@type\":\"ListItem\",\"position\":1,\"name\":\"Home\",\"item\":\"https:\/\/sissa.com.co\/site\/\"},{\"@type\":\"ListItem\",\"position\":2,\"name\":\"Acerca de nosotros\"}]},{\"@type\":\"WebSite\",\"@id\":\"https:\/\/sissa.com.co\/site\/#website\",\"url\":\"https:\/\/sissa.com.co\/site\/\",\"name\":\"SIS SA Suministros Ingenieria y Soluciones\",\"description\":\"Somos la ingenier\u00eda del aislamiento t\u00e9rmico\",\"publisher\":{\"@id\":\"https:\/\/sissa.com.co\/site\/#organization\"},\"potentialAction\":[{\"@type\":\"SearchAction\",\"target\":{\"@type\":\"EntryPoint\",\"urlTemplate\":\"https:\/\/sissa.com.co\/site\/?s={search_term_string}\"},\"query-input\":\"required name=search_term_string\"}],\"inLanguage\":\"es\"},{\"@type\":\"Organization\",\"@id\":\"https:\/\/sissa.com.co\/site\/#organization\",\"name\":\"Suministros Ingenier\u00eda y Soluciones SIS SA Medell\u00edn, Colombia | Consultor\u00eda t\u00e9cnica e instalaci\u00f3n de Aislamientos T\u00e9rmicos en bajas temperaturas con Poliuretano, medias temperaturas en Fibra de Vidrio y en Altas Temperaturas en Fibra Cer\u00e1mica, Aislamientos Ac\u00fasticos y Materiales Refractarios, Dise\u00f1o, Fabricaci\u00f3n, Montaje y Reparaci\u00f3n de Sistemas de Combusti\u00f3n, Hornos Industriales, Hornos Crematorios para Humanos y para Mascotas | V\u00e1lvulas e Incineradores | Suministros para la Ingenier\u00eda, La mejor Calidad del Pa\u00eds, Distribuidores Autorizados de Fiber Glass Colombia, Erecos Colombia, Morgan Thermal Ceramics, Lewco, Honeywell | Dise\u00f1o de Montajes Industriales en Colombia, Medell\u00edn, Cali, Bogot\u00e1, Barranquilla, Cartagena, C\u00facuta, Villavicencio, Ibagu\u00e9, Bucaramanga, Santa Marta, Pereira, Valledupar, Monter\u00eda, Pasto, Manizales, Neiva, Armenia, Popay\u00e1n, Sincelejo, Barrancabermeja\",\"url\":\"https:\/\/sissa.com.co\/site\/\",\"logo\":{\"@type\":\"ImageObject\",\"inLanguage\":\"es\",\"@id\":\"https:\/\/sissa.com.co\/site\/#\/schema\/logo\/image\/\",\"url\":\"https:\/\/sissa.com.co\/site\/wp-content\/uploads\/2018\/01\/logo_alta_sis.png\",\"contentUrl\":\"https:\/\/sissa.com.co\/site\/wp-content\/uploads\/2018\/01\/logo_alta_sis.png\",\"width\":945,\"height\":400,\"caption\":\"Suministros Ingenier\u00eda y Soluciones SIS SA Medell\u00edn, Colombia | Consultor\u00eda t\u00e9cnica e instalaci\u00f3n de Aislamientos T\u00e9rmicos en bajas temperaturas con Poliuretano, medias temperaturas en Fibra de Vidrio y en Altas Temperaturas en Fibra Cer\u00e1mica, Aislamientos Ac\u00fasticos y Materiales Refractarios, Dise\u00f1o, Fabricaci\u00f3n, Montaje y Reparaci\u00f3n de Sistemas de Combusti\u00f3n, Hornos Industriales, Hornos Crematorios para Humanos y para Mascotas | V\u00e1lvulas e Incineradores | Suministros para la Ingenier\u00eda, La mejor Calidad del Pa\u00eds, Distribuidores Autorizados de Fiber Glass Colombia, Erecos Colombia, Morgan Thermal Ceramics, Lewco, Honeywell | Dise\u00f1o de Montajes Industriales en Colombia, Medell\u00edn, Cali, Bogot\u00e1, Barranquilla, Cartagena, C\u00facuta, Villavicencio, Ibagu\u00e9, Bucaramanga, Santa Marta, Pereira, Valledupar, Monter\u00eda, Pasto, Manizales, Neiva, Armenia, Popay\u00e1n, Sincelejo, Barrancabermeja\"},\"image\":{\"@id\":\"https:\/\/sissa.com.co\/site\/#\/schema\/logo\/image\/\"}}]}<\/script>\n<!-- \/ Yoast SEO plugin. -->","yoast_head_json":{"title":"Acerca de nosotros - SIS SA Suministros Ingenieria y Soluciones","robots":{"index":"noindex","follow":"follow","max-snippet":"max-snippet:-1","max-image-preview":"max-image-preview:large","max-video-preview":"max-video-preview:-1"},"og_locale":"es_ES","og_type":"article","og_title":"Acerca de nosotros - SIS SA Suministros Ingenieria y Soluciones","og_description":"[vc_row type=\u00bbcontainer\u00bb padding_top=\u00bb\u00bb padding_bottom=\u00bb\u00bb css=\u00bb.vc_custom_1451761032806{padding-top: 50px !important;}\u00bb][vc_column width=\u00bb1\/2&#8243; css=\u00bb.vc_custom_1449147431196{margin-bottom: 35px !important;}\u00bb][vc_column_text css=\u00bb.vc_custom_1502557841829{padding-right: 10px !important;}\u00bb] SUMINISTROS INGENIER\u00cdA\u00a0Y SOLUCIONES SIS S.A. Suministros, Ingenier\u00eda y Soluciones, es un empresa colombiana de ingenier\u00eda, dedicada al suministro, consultor\u00eda t\u00e9cnica en instalaci\u00f3n de aislamientos t\u00e9rmicos, ac\u00fasticos refractarios e impermeabilizaci\u00f3n; al dise\u00f1o, fabricaci\u00f3n, montaje y reparaci\u00f3n de sistemas de combusti\u00f3n, hornos industriales [&hellip;]","og_url":"https:\/\/sissa.com.co\/site\/acerca-de-nosotros\/","og_site_name":"SIS SA Suministros Ingenieria y Soluciones","article_modified_time":"2023-07-14T13:09:39+00:00","twitter_card":"summary_large_image","twitter_misc":{"Tiempo de lectura":"2 minutos"},"schema":{"@context":"https:\/\/schema.org","@graph":[{"@type":"WebPage","@id":"https:\/\/sissa.com.co\/site\/acerca-de-nosotros\/","url":"https:\/\/sissa.com.co\/site\/acerca-de-nosotros\/","name":"Acerca de nosotros - SIS SA Suministros Ingenieria y Soluciones","isPartOf":{"@id":"https:\/\/sissa.com.co\/site\/#website"},"datePublished":"2015-10-07T17:11:55+00:00","dateModified":"2023-07-14T13:09:39+00:00","breadcrumb":{"@id":"https:\/\/sissa.com.co\/site\/acerca-de-nosotros\/#breadcrumb"},"inLanguage":"es","potentialAction":[{"@type":"ReadAction","target":["https:\/\/sissa.com.co\/site\/acerca-de-nosotros\/"]}]},{"@type":"BreadcrumbList","@id":"https:\/\/sissa.com.co\/site\/acerca-de-nosotros\/#breadcrumb","itemListElement":[{"@type":"ListItem","position":1,"name":"Home","item":"https:\/\/sissa.com.co\/site\/"},{"@type":"ListItem","position":2,"name":"Acerca de nosotros"}]},{"@type":"WebSite","@id":"https:\/\/sissa.com.co\/site\/#website","url":"https:\/\/sissa.com.co\/site\/","name":"SIS SA Suministros Ingenieria y Soluciones","description":"Somos la ingenier\u00eda del aislamiento t\u00e9rmico","publisher":{"@id":"https:\/\/sissa.com.co\/site\/#organization"},"potentialAction":[{"@type":"SearchAction","target":{"@type":"EntryPoint","urlTemplate":"https:\/\/sissa.com.co\/site\/?s={search_term_string}"},"query-input":"required name=search_term_string"}],"inLanguage":"es"},{"@type":"Organization","@id":"https:\/\/sissa.com.co\/site\/#organization","name":"Suministros Ingenier\u00eda y Soluciones SIS SA Medell\u00edn, Colombia | Consultor\u00eda t\u00e9cnica e instalaci\u00f3n de Aislamientos T\u00e9rmicos en bajas temperaturas con Poliuretano, medias temperaturas en Fibra de Vidrio y en Altas Temperaturas en Fibra Cer\u00e1mica, Aislamientos Ac\u00fasticos y Materiales Refractarios, Dise\u00f1o, Fabricaci\u00f3n, Montaje y Reparaci\u00f3n de Sistemas de Combusti\u00f3n, Hornos Industriales, Hornos Crematorios para Humanos y para Mascotas | V\u00e1lvulas e Incineradores | Suministros para la Ingenier\u00eda, La mejor Calidad del Pa\u00eds, Distribuidores Autorizados de Fiber Glass Colombia, Erecos Colombia, Morgan Thermal Ceramics, Lewco, Honeywell | Dise\u00f1o de Montajes Industriales en Colombia, Medell\u00edn, Cali, Bogot\u00e1, Barranquilla, Cartagena, C\u00facuta, Villavicencio, Ibagu\u00e9, Bucaramanga, Santa Marta, Pereira, Valledupar, Monter\u00eda, Pasto, Manizales, Neiva, Armenia, Popay\u00e1n, Sincelejo, Barrancabermeja","url":"https:\/\/sissa.com.co\/site\/","logo":{"@type":"ImageObject","inLanguage":"es","@id":"https:\/\/sissa.com.co\/site\/#\/schema\/logo\/image\/","url":"https:\/\/sissa.com.co\/site\/wp-content\/uploads\/2018\/01\/logo_alta_sis.png","contentUrl":"https:\/\/sissa.com.co\/site\/wp-content\/uploads\/2018\/01\/logo_alta_sis.png","width":945,"height":400,"caption":"Suministros Ingenier\u00eda y Soluciones SIS SA Medell\u00edn, Colombia | Consultor\u00eda t\u00e9cnica e instalaci\u00f3n de Aislamientos T\u00e9rmicos en bajas temperaturas con Poliuretano, medias temperaturas en Fibra de Vidrio y en Altas Temperaturas en Fibra Cer\u00e1mica, Aislamientos Ac\u00fasticos y Materiales Refractarios, Dise\u00f1o, Fabricaci\u00f3n, Montaje y Reparaci\u00f3n de Sistemas de Combusti\u00f3n, Hornos Industriales, Hornos Crematorios para Humanos y para Mascotas | V\u00e1lvulas e Incineradores | Suministros para la Ingenier\u00eda, La mejor Calidad del Pa\u00eds, Distribuidores Autorizados de Fiber Glass Colombia, Erecos Colombia, Morgan Thermal Ceramics, Lewco, Honeywell | Dise\u00f1o de Montajes Industriales en Colombia, Medell\u00edn, Cali, Bogot\u00e1, Barranquilla, Cartagena, C\u00facuta, Villavicencio, Ibagu\u00e9, Bucaramanga, Santa Marta, Pereira, Valledupar, Monter\u00eda, Pasto, Manizales, Neiva, Armenia, Popay\u00e1n, Sincelejo, Barrancabermeja"},"image":{"@id":"https:\/\/sissa.com.co\/site\/#\/schema\/logo\/image\/"}}]}},"_links":{"self":[{"href":"https:\/\/sissa.com.co\/site\/wp-json\/wp\/v2\/pages\/69"}],"collection":[{"href":"https:\/\/sissa.com.co\/site\/wp-json\/wp\/v2\/pages"}],"about":[{"href":"https:\/\/sissa.com.co\/site\/wp-json\/wp\/v2\/types\/page"}],"author":[{"embeddable":true,"href":"https:\/\/sissa.com.co\/site\/wp-json\/wp\/v2\/users\/1"}],"replies":[{"embeddable":true,"href":"https:\/\/sissa.com.co\/site\/wp-json\/wp\/v2\/comments?post=69"}],"version-history":[{"count":27,"href":"https:\/\/sissa.com.co\/site\/wp-json\/wp\/v2\/pages\/69\/revisions"}],"predecessor-version":[{"id":71572,"href":"https:\/\/sissa.com.co\/site\/wp-json\/wp\/v2\/pages\/69\/revisions\/71572"}],"wp:featuredmedia":[{"embeddable":true,"href":"https:\/\/sissa.com.co\/site\/wp-json\/"}],"wp:attachment":[{"href":"https:\/\/sissa.com.co\/site\/wp-json\/wp\/v2\/media?parent=69"}],"curies":[{"name":"wp","href":"https:\/\/api.w.org\/{rel}","templated":true}]}}